 -16. What is the highest common factor of t and p?
3
Let c be 3*4*(-6)/(-18). Suppose 0 = 2*r - 22 - c. Suppose 0 = -8*q + r*q - 300. Calculate the greatest common factor of q and 15.
15
Let h(i) = i**2 - 45*i - 242. Let j be h(50). Suppose 3*z - 5*z + 48 = 0. What is the greatest common divisor of j and z?
8
Let b = -500 + 526. What is the greatest common factor of 195 and b?
13
Let m(r) = r**3 - r**2 - r - 7. Let j be -2 + 2 - (0 + -2). Let i be j/2 - -3 - -1. Let o be m(i). Calculate the greatest common factor of 11 and o.
11
Let a(v) = 13*v**2 + v + 2. Let n(u) = u**3 - 6*u**2 - u + 8. Let i be n(6). Let g be a(i). What is the greatest common divisor of g and 8?
8
Suppose 2*s - 11 = 3*n, -2*s + 15 = 2*s + n. Suppose 4*q - 16 = -s*f, -f - 5*q = -3*q + 1. Calculate the greatest common divisor of f and 1.
1
Let o = -209 - -211. Suppose 0 = -3*x - o + 32. Let k(v) = 3*v**2 + 7*v. Let b be k(-5). What is the greatest common factor of x and b?
10
Suppose 0 = 5*x - 1946 - 54. What is the greatest common divisor of 25 and x?
25
Let j = -33 + 166. Let n = j - 21. Suppose -78*i = -75*i - 42. What is the highest common factor of i and n?
14
Let n(u) = 4*u - 7. Let m be n(3). Suppose 0 = y - m*z - 33, 2*z = 4*y - 34 - 116. Suppose -4*p - y = -142. Calculate the highest common divisor of p and 65.
13
Let l be (-31)/(-4) + (-4)/(-16). Suppose -2*w = -s + 5*s - 628, 0 = -2*s - 2*w + 310. Suppose 1 = 4*m - s. What is the greatest common divisor of l and m?
8
Suppose -7*h = 13 - 27. Suppose 2*z + 2*z + 24 = 0. Let y be (29 - h)*(-4)/z. Calculate the greatest common divisor of 36 and y.
18
Let t(b) = -b + 1. Let w be t(-4). Let d be (12/(-18))/(4/102). Let q = d + 22. What is the greatest common divisor of q and w?
5
Suppose 9*n + n + 220 = 0. Let c be n*(7/(-2) - 3). What is the greatest common factor of 13 and c?
13
Suppose 4*t + 0*t + 5*h - 227 = 0, -t = -3*h - 44. Calculate the greatest common divisor of 1007 and t.
53
Let y = 170 + -158. Suppose 8*i = y*i - 224. Let b(n) = n + 3. Let a be b(4). Calculate the greatest common factor of i and a.
7
Suppose 111*k - 118*k + 1078 = 0. Suppose -2*v - 6 = -34. Calculate the greatest common divisor of v and k.
14
Suppose 0 = -46*q - 20*q + 62832. Calculate the greatest common factor of 112 and q.
56
Let p(w) = -w**3 - 5*w**2 - 4*w - 9. Let o be p(-6). Let j(s) = -16*s**3 - 2*s - 1. Let z be j(-1). Calculate the highest common divisor of z and o.
17
Let u be (-3 - -2)/(-3) + (-70)/(-15). Suppose g - u*g = -52. Calculate the highest common divisor of 52 and g.
13
Let p be 9/36 + (-1)/(4/(-15)). Suppose 6*y + 285 = 9*y - 5*c, p*y - 363 = c. Let w = 32 - 2. What is the greatest common divisor of y and w?
30
Suppose -3*c + 5*f + 86 = 0, -37 = -2*c + 3*f + 19. Let g = -1 - -3. Let m(h) = h**2 + h - 4. Let d be m(g). What is the greatest common factor of d and c?
2
Suppose -3*x + 216 = 3*r, -4*r - 405 = -2*x - 3*x. Calculate the highest common factor of x and 363.
11
Let h = 2 + -12. Let x be (((-384)/h)/(-3))/(14/(-105)). Calculate the greatest common divisor of 24 and x.
24
Suppose 5*h - 3*g = 122, -3*g = 6*h - h - 98. Let t(q) = 5*q**2 + 64*q - 182. Let b be t(3). Calculate the greatest common factor of b and h.
11
Let m = -192 + 194. What is the highest common divisor of m and 10?
2
Let l = 53 + -29. Suppose -2*q - q = 0, 3*u - l = 2*q. What is the greatest common divisor of 4 and u?
4
Let a(t) = t**3 + 9*t**2 + 32*t + 105. Let l be a(-6). Let g(s) = s**2 + 8*s. Let u be g(6). Calculate the highest common divisor of u and l.
21
Let b be 24/156 - 674/(-13). What is the highest common divisor of 13 and b?
13
Let u be (124/20 - 5)/((-9)/(-105)). What is the greatest common divisor of u and 224?
14
Let q be (-2952)/(-90) - (-2)/(20/2). What is the highest common factor of 187 and q?
11
Let g = -14 + 30. Let a = -10 + g. Calculate the highest common divisor of a and 30.
6
Let q be (1 - 1)/(1 - -1). Suppose -y + q*y + 12 = 0. Suppose -15*c = -y*c - 36. What is the greatest common divisor of 108 and c?
12
Suppose 0 = 6*x - 3*x - 5*v - 693, 5*x - 1155 = v. What is the greatest common divisor of 21 and x?
21
Let i(r) = -12*r - 12. Let o be i(-4). Suppose -18*p + 321 = -543. What is the greatest common factor of o and p?
12
Let w be (-1)/(-6) + (0 - 1547/(-78)). Calculate the greatest common divisor of w and 35.
5
Suppose -4*g - 3*l = -76, -2*g = -g + 3*l - 10. Let d be (-2 - (-3 - g))/1. Let z = 44 - d. What is the greatest common factor of 84 and z?
21
Let c be (1 + 0)*(-18)/(-12 - -6). Suppose c = 5*y - 17. Calculate the greatest common factor of 44 and y.
4
Let b be (36050/(-1236))/((-2)/12). What is the highest common factor of 275 and b?
25
Let b be (-168)/(-1)*(384/(-28))/(-8). What is the highest common factor of 90 and b?
18
Let s(k) = k + 1. Let u be s(3). Let v(a) = a**3 - 4*a**2 + 2*a + 3. Let w be v(3). Suppose 4*g + w = 4. What is the highest common factor of g and u?
1
Let l be (-2)/(-8)*2*-254. Let g be (860/16)/((-2)/(-8)). Let d = l + g. What is the highest common divisor of 11 and d?
11
Suppose 68*j - 75 = 67*j. What is the greatest common divisor of j and 105?
15
Let f be ((-32)/(-144))/(1/9). Calculate the greatest common factor of f and 250.
2
Let m be (-2)/6 + (-1089)/(-27). What is the greatest common factor of m and 120?
40
Let y(c) = -5*c**3 + 5*c**2 + 13*c - 46. Let x be y(-5). Calculate the highest common divisor of x and 142.
71
Let d = -186 + 381. Let z = d - 135. Let u = 20 + -8. What is the highest common divisor of z and u?
12
Suppose j - 4*g - 68 = 0, -3*g + 54 = 4*j - 142. What is the highest common divisor of 663 and j?
13
Let l = 2489 + -2401. Suppose 2*b - 44 = -0*b. What is the greatest common divisor of b and l?
22
Let l = 3 + -3. Suppose -q = -l*q - 16. Let j = -403 + 579. What is the highest common divisor of q and j?
16
Suppose -l + 5*r + 5 = 0, 4*l + r + 73 - 198 = 0. Let a = 9 - -1. What is the highest common divisor of l and a?
10
Let p(z) = z**3 + 23*z**2 - 23*z - 8. Let m be p(-24). Let v = 13 - m. Calculate the highest common factor of v and 45.
45
Suppose -3*h + m + 97 = -m, 0 = 3*h - 3*m - 102. Calculate the greatest common factor of h and 87.
29
Let y(j) = -j + 10. Suppose 2*o + 4*i = -4 - 4, 0 = 3*o - i - 23. Let g be y(o). Let a = g + -2. Calculate the highest common factor of a and 2.
2
Suppose 18*y - 57413 = 24505. What is the highest common factor of 111 and y?
111
Let b(h) = 14*h**3 - h + 1. Let a be b(1). Let m be 1782/63 + (-4)/a. Let y(i) = -i**2 + 9*i - 4. Let k be y(6). What is the greatest common factor of m and k?
14
Let y = 56 - 6. What is the highest common divisor of y and 40?
10
Let i be 13/(3*4/36*3). Let o(z) = 6*z**2 - 4*z - 7. Let m be o(-5). Suppose -5*d = -m - 97. What is the greatest common divisor of d and i?
13
Suppose 3*y - 22 = -7. Calculate the highest common divisor of 5 and y.
5
Let l = -3398 - -3419. Let m be 82/6 - 2/(-6). What is the highest common factor of l and m?
7
Let v be (1*(-6)/(-2))/(11/165). Calculate the highest common factor of 99 and v.
9
Suppose -7*u = -229 + 677. Let r = -44 - u. Calculate the greatest common divisor of 4 and r.
4
Let c be 15/(-50)*(1 - 11). Let i be (40 - 0/2) + -1. What is the greatest common factor of c and i?
3
Let c(q) = q**3 + 7*q**2 + 3*q + 9. Let l be c(-6). Suppose -n + 5 + 10 = b, 5*b = -15. Calculate the highest common factor of l and n.
9
Let l(d) = 275*d**2 - 3*d + 4. Let u be l(1). What is the highest common factor of u and 36?
12
Let l(b) = -b**2 - 4*b - 2. Let m be l(-2). What is the greatest common divisor of m and 50?
2
Let f = 214 - 184. Calculate the greatest common divisor of f and 10.
10
Let z be (-7)/14*2 + 28. Calculate the highest common divisor of 1 and z.
1
Suppose -32 = -4*y - 0*y. Let n(r) = -r**3 + r**2 - 2*r + 72. Let q be n(0). Calculate the greatest common factor of q and y.
8
Let i(k) = k**3 - 7*k**2 + 5*k + 10. Let a be 12/8*(0 - -2). Suppose -a - 4 = -j. Let r be i(j). What is the greatest common factor of 5 and r?
5
Suppose -2*l + 77 - 7 = o, 5*l + 2*o = 176. Calculate the highest common divisor of 12 and l.
12
Let d = 443 + -380. What is the greatest common factor of d and 504?
63
Let v(f) = -42*f - 4. Let m be v(-15). Suppose 3*d + 264 = 2*g, 0*d - m = -5*g - d. Ca